
Let w = -29 - -31. Suppose 5*r - 800 = -5*z, w*r - 6*r = -z - 620. Suppose 12*n + r = 16*n. What are the prime factors of n?
3, 13
Let i be (-2 + 7 + -6)*-10. Let o be (-1 + 6)*46*2. Suppose -b + i = b, 3*b = -5*q + o. List the prime factors of q.
89
List the prime factors of 1/1 + 8 - -3801.
2, 3, 5, 127
Let v be -479 - (-12)/18*-3. Let l = v - -793. List the prime factors of l.
2, 3, 13
Suppose 0 = -23*f + 9*f + 145834 + 50768. What are the prime factors of f?
3, 31, 151
What are the prime factors of ((-48)/(-12))/((-13)/((-165490)/4))?
2, 5, 19, 67
Let x be (3/6*-1)/((-2)/332). Suppose 3*j - 4*l - 380 = 7*j, -j + 2*l - x = 0. Let u = 24 - j. What are the prime factors of u?
5, 23
Suppose -3*p - 11*d = -7*d - 137061, 137076 = 3*p - d. List the prime factors of p.
45691
Suppose 2*j - 446 = -2*a, a + 0*a - 218 = 4*j. Suppose 23*p - a = 29*p. Let c = p + 83. List the prime factors of c.
2, 23
Let z be 2/(-4) - (-3480)/16. Let c be 32 + (2 + 0)/(-2). Suppose -2*h - c = -z. List the prime factors of h.
3, 31
Let w(k) = 242*k + 6. Let z(y) = 3*y - 1. Let b be z(1). List the prime factors of w(b).
2, 5, 7
Let h be 3132 + (-4 - 60/(-6)). Suppose -4*s - o = -h, 0 = 4*o - 10 + 2. List the prime factors of s.
2, 7
Suppose w - 3*w = -4*u + 86, -w - 35 = 2*u. Let h = 42 + w. What are the prime factors of 360/(h + 1) + 1 + -3?
2, 11
Let u = 2908 - 2806. List the prime factors of u.
2, 3, 17
Let f(y) = 2*y**2 + 12*y - 14. Let q be (-12 - -66)*(-6)/(-4). Suppose 11*d + 7 = -q. List the prime factors of f(d).
2, 3
What are the prime factors of (12/16)/((-12)/(-40288))?
2, 1259
Suppose 11*g = -55, 98 = 4*z + 5*g - 1261. What are the prime factors of z?
2, 173
Suppose -3*z + 5*y = 10, 2*y - 16 = -6. Suppose 7272 = -z*k + 17*k. List the prime factors of k.
2, 3, 101
Let b = 491 + -153. What are the prime factors of b?
2, 13
Let m(b) be the second derivative of b**5/20 + 2*b**4/3 - 2*b**3 + 14*b**2 + b. Let c(o) = -2*o**3 - 8*o - 9. Let y be c(0). What are the prime factors of m(y)?
5, 11
Let n(d) be the second derivative of 8/3*d**3 + 0 - 19/12*d**4 - 27/2*d**2 - 41*d - 1/20*d**5. List the prime factors of n(-20).
53
Suppose -209*a = 40*a + 93*a - 4121784. What are the prime factors of a?
2, 23, 131
Let t = -30 + 36. Suppose -282 = -3*x + 3*i, -2*x + i - 386 = -t*x. Let v = 107 - x. What are the prime factors of v?
11
Let k be -77*(-75)/210*(-48)/(-10). Let g(b) = -52*b - 1. Let j be g(-2). Suppose -5*i = -k - j. List the prime factors of i.
47
Let v = -29366 + 43904. What are the prime factors of v?
2, 3, 2423
Let z(c) = -6*c - 6. Let d be z(-15). Suppose 14*i = d + 140. Suppose i*o = 12*o + 92. What are the prime factors of o?
23
Suppose -59 = -6*b - 17. Suppose 5*t = b + 18. Let z(k) = 13*k + 15. List the prime factors of z(t).
2, 5
Let k(r) = -r**2 + 9*r + 7. Let p be k(-7). Let z be (-5 + p)*1/(-2). What are the prime factors of (-8)/(-10) + (-44)/z + 173?
173
Let u be (14/(-5))/(((-16)/50)/8). Let i = -66 - -28. Let l = u - i. List the prime factors of l.
2, 3
Let j = -126 - -123. Let z be (-54)/36*10/j. Suppose 0 = z*h + 4*k - 1320, 3*h - 792 = 2*k + k. List the prime factors of h.
2, 3, 11
Let o(j) = j**3 + 18*j**2 - 29*j - 43. Let p(g) = 6*g + 36. Let z be p(-9). List the prime factors of o(z).
479
Let t(h) = 1143*h**2 + 87*h - 25. What are the prime factors of t(7)?
56591
Suppose -14*d + 97103 = 5*i - 13*d, 0 = 2*d - 6. List the prime factors of i/15 + 3/(54/(-12)).
2, 647
Suppose -3*p = h - 12738, -3*p - 4*h - 1514 = -14252. List the prime factors of p.
2, 11, 193
Suppose -12*w = -48 + 12. Let g = 467 - 67. Suppose 2*l - 5*u - g = 0, -w*u + 317 - 95 = l. What are the prime factors of l?
2, 3, 5, 7
Suppose 12*s - 11*s - 3*d - 15456 = 0, 0 = -s - 3*d + 15498. What are the prime factors of s?
3, 7, 11, 67
Let d be 1535/3 + (-8)/12. Suppose z - 58 - d = 0. Suppose -7*j + 404 = -z. List the prime factors of j.
139
Let u(s) be the third derivative of 3*s**5/20 - s**4/24 + 7*s**3/6 + s**2. Let v be u(3). Let f = -8 + v. List the prime factors of f.
7, 11
Let a = 39 + -79. Suppose 2492*w = 2498*w - 738. Let q = w + a. List the prime factors of q.
83
Let g(h) be the second derivative of -7*h**4/3 + h**3/6 - 21*h**2/2 + 14*h. Let p(n) be the first derivative of g(n). What are the prime factors of p(-1)?
3, 19
Suppose 5*g - 42 = -22. Suppose 3*k + 204 = -2*d, d - 295 = 4*k - g*d. Let m = k + 110. List the prime factors of m.
2, 5
Suppose -136*s - 38*s - 74193 + 535641 = 0. List the prime factors of s.
2, 3, 13, 17
Suppose b - 24299 = -3*l, 0 = -85*b + 87*b - 2*l - 48654. What are the prime factors of b?
2, 5, 19
Suppose 0 = 2*w - 2*p - 344, w - 5*w - p + 698 = 0. Let d be ((-98)/4)/(46/(-460)). Let t = d - w. List the prime factors of t.
71
List the prime factors of ((-21296)/(-7))/((-94)/(-329)).
2, 11
Suppose s - 4*s = -y + 254, 4*y = -3*s + 986. Suppose -13*k + 17*k - y = 0. Suppose -7*v = -k - 78. What are the prime factors of v?
2, 5
Suppose 2*q - 4*h = -2*q - 60, 5*h + 3 = -q. What are the prime factors of q/((-364)/8) - (-10482)/14?
7, 107
Suppose 283*d + 71552 + 1230256 - 8660374 = 0. List the prime factors of d.
2, 13001
Let k(v) = -35*v - 83. Let q(i) = 17*i + 40. Let r(u) = -3*k(u) - 5*q(u). List the prime factors of r(11).
269
Suppose -s = 4*s + t - 121, 5*t = 5*s - 145. Suppose -2*y + 441 - s = -q, -5*q + 818 = 4*y. List the prime factors of y.
3, 23
Suppose -12*n - 17401 = -63145. What are the prime factors of n?
2, 953
Suppose -43*l + 44*l - 2*d - 8498 = 0, 42518 = 5*l + 4*d. List the prime factors of l.
2, 3, 13, 109
What are the prime factors of (2 - 1)*(55/15 - 4)*-62301?
19, 1093
Suppose -13*t + 200954 = -104443 + 73646. What are the prime factors of t?
17827
Let z be (-4*2/10)/((-4)/50). Suppose -z*c + 4*c + 360 = 0. Suppose -c*g - 66 = -61*g. List the prime factors of g.
2, 3, 11
Let o(j) = -2*j**2 + 14*j + 41. Let v be o(16). Let d = v + 418. What are the prime factors of d?
3, 19
Let k(t) = -18671*t**3 - 14*t**2 + t + 14. What are the prime factors of k(-1)?
2, 5, 1867
Let g = 19695 - 11482. List the prime factors of g.
43, 191
Let x = 843 + -843. Suppose -87*s + 86*s + 396 = x. List the prime factors of s.
2, 3, 11
List the prime factors of 328426/630*72 + 2/(-10)*2.
2, 7, 383
Suppose 0*u + 3*y = 4*u - 18, 0 = -5*u - 5*y + 5. Suppose -7*q - u*q = -3610. What are the prime factors of q?
19
Let n(k) = -3*k**3 - 4*k**2 - 18*k - 5. Suppose 4*d - 19 = 4*u + 9*d, 5*u + d + 29 = 0. What are the prime factors of n(u)?
607
List the prime factors of (0 - 8081)/((-50)/5 + 9).
8081
Let z(i) = i**3 - 21*i**2 - 24*i + 31. Let u(a) = -a**3 - a**2 - a - 1. Let x(v) = -2*u(v) - z(v). What are the prime factors of x(-21)?
307
Let m(p) = -p**2 + 2*p + 4. Let r be m(4). Let f = r + 21. Suppose 13*z + 212 = f*z. List the prime factors of z.
53
Suppose 4175*u - 4180*u = -4060. What are the prime factors of u?
2, 7, 29
Let k = -178 + 184. Suppose k*d - 560 = -22*d. What are the prime factors of d?
2, 5
Let c = 32629 - 23075. List the prime factors of c.
2, 17, 281
Let t(z) = -2*z**2 + z - 1. Let x be t(1). Let v be ((-1)/(1 + -3))/(15/60). List the prime factors of 3/x + 129/v.
3, 7
Suppose 0 = 15*x - 44798 - 90037. List the prime factors of x.
89, 101
Let c = 5244 + -3493. What are the prime factors of c?
17, 103
Let h be 0/((-1)/(3/9)). Suppose h = -26*d + 22*d - 80. Let g(a) = a**3 + 20*a**2 - 5*a + 20. List the prime factors of g(d).
2, 3, 5
Suppose -2*n = 2*o - 1302, 368 + 235 = o - 5*n. What are the prime factors of o?
643
Let f(k) = 537*k - 4623. What are the prime factors of f(13)?
2, 3, 131
Let p(n) = 12*n**3. Let y(g) = -g + 13. Let s be y(14). Let u be p(s). Let c = 108 - u. List the prime factors of c.
2, 3, 5
Let o be 4/30 + -76*(-70)/600. Suppose -4*a + 717 = u, o*u - 4*u - 3566 = -a. What are the prime factors of u?
23, 31
Suppose -12*g = -5*g + 21. Let v be 4/10 - 22/5 - g. List the prime factors of (v - (-193)/(-2))*-2.
3, 5, 13
Let t be -2 - ((-2)/4)/((-14)/(-1036)). Let g = -48 + t. What are the prime factors of (36894/(-24))/g + 2/(-8)?
2, 59
List the prime factors of 9577 - -39 - (1 + -10).
5, 7, 11
What are the prime factors of (((-4960)/(-15))/32)/((1 + 0)/1371)?
31, 457
Let m = -664 + 5716. List the prime factors of m.
2, 3, 421
S